{"id":153,"date":"2018-10-25T11:27:47","date_gmt":"2018-10-25T11:27:47","guid":{"rendered":"https:\/\/futuriodemos.com\/woocommerce-fashion\/?page_id=153"},"modified":"2025-04-06T04:06:30","modified_gmt":"2025-04-06T04:06:30","slug":"contact","status":"publish","type":"page","link":"https:\/\/www.novaplazacc.com\/?page_id=153","title":{"rendered":"Contact"},"content":{"rendered":"\t\t<div data-elementor-type=\"wp-post\" data-elementor-id=\"153\" class=\"elementor elementor-153\">\n\t\t\t\t\t\t<section class=\"elementor-section elementor-top-section elementor-element elementor-element-dc992e7 elementor-section-full_width elementor-section-stretched elementor-section-height-default elementor-section-height-default wpr-particle-no wpr-jarallax-no wpr-parallax-no wpr-sticky-section-no\" data-id=\"dc992e7\" data-element_type=\"section\" data-settings=\"{&quot;background_background&quot;:&quot;classic&quot;,&quot;stretch_section&quot;:&quot;section-stretched&quot;}\">\n\t\t\t\t\t\t\t<div class=\"elementor-background-overlay\"><\/div>\n\t\t\t\t\t\t\t<div class=\"elementor-container elementor-column-gap-default\">\n\t\t\t\t\t<div class=\"elementor-column elementor-col-100 elementor-top-column elementor-element elementor-element-befc456\" data-id=\"befc456\" data-element_type=\"column\">\n\t\t\t<div class=\"elementor-widget-wrap elementor-element-populated\">\n\t\t\t\t\t\t<section class=\"elementor-section elementor-inner-section elementor-element elementor-element-92435a9 elementor-section-boxed elementor-section-height-default elementor-section-height-default wpr-particle-no wpr-jarallax-no wpr-parallax-no wpr-sticky-section-no\" data-id=\"92435a9\" data-element_type=\"section\">\n\t\t\t\t\t\t<div class=\"elementor-container elementor-column-gap-default\">\n\t\t\t\t\t<div class=\"elementor-column elementor-col-100 elementor-inner-column elementor-element elementor-element-62d6009\" data-id=\"62d6009\" data-element_type=\"column\">\n\t\t\t<div class=\"elementor-widget-wrap elementor-element-populated\">\n\t\t\t\t\t\t<div class=\"elementor-element elementor-element-3bda1e2 elementor-widget elementor-widget-heading\" data-id=\"3bda1e2\" data-element_type=\"widget\" data-widget_type=\"heading.default\">\n\t\t\t\t<div class=\"elementor-widget-container\">\n\t\t\t\t\t<h1 class=\"elementor-heading-title elementor-size-default\">Cont\u00e1ctanos<\/h1>\t\t\t\t<\/div>\n\t\t\t\t<\/div>\n\t\t\t\t\t<\/div>\n\t\t<\/div>\n\t\t\t\t\t<\/div>\n\t\t<\/section>\n\t\t\t\t\t<\/div>\n\t\t<\/div>\n\t\t\t\t\t<\/div>\n\t\t<\/section>\n\t\t\t\t<section class=\"elementor-section elementor-top-section elementor-element elementor-element-ed935a3 elementor-section-boxed elementor-section-height-default elementor-section-height-default wpr-particle-no wpr-jarallax-no wpr-parallax-no wpr-sticky-section-no\" data-id=\"ed935a3\" data-element_type=\"section\">\n\t\t\t\t\t\t\t<div class=\"elementor-background-overlay\"><\/div>\n\t\t\t\t\t\t\t<div class=\"elementor-container elementor-column-gap-default\">\n\t\t\t\t\t<div class=\"elementor-column elementor-col-50 elementor-top-column elementor-element elementor-element-17ce592\" data-id=\"17ce592\" data-element_type=\"column\">\n\t\t\t<div class=\"elementor-widget-wrap elementor-element-populated\">\n\t\t\t\t\t\t<div class=\"elementor-element elementor-element-8b9fecb elementor-widget elementor-widget-heading\" data-id=\"8b9fecb\" data-element_type=\"widget\" data-widget_type=\"heading.default\">\n\t\t\t\t<div class=\"elementor-widget-container\">\n\t\t\t\t\t<h3 class=\"elementor-heading-title elementor-size-default\">Ubicaci\u00f3n<\/h3>\t\t\t\t<\/div>\n\t\t\t\t<\/div>\n\t\t\t\t<div class=\"elementor-element elementor-element-efa97af elementor-widget elementor-widget-text-editor\" data-id=\"efa97af\" data-element_type=\"widget\" data-widget_type=\"text-editor.default\">\n\t\t\t\t<div class=\"elementor-widget-container\">\n\t\t\t\t\t\t\t\t\t<p>Facatativ\u00e1, Cundinamarca<br \/>Cra 10 # 8-12\u00a0<\/p>\t\t\t\t\t\t\t\t<\/div>\n\t\t\t\t<\/div>\n\t\t\t\t<div class=\"elementor-element elementor-element-535137e elementor-widget elementor-widget-heading\" data-id=\"535137e\" data-element_type=\"widget\" data-widget_type=\"heading.default\">\n\t\t\t\t<div class=\"elementor-widget-container\">\n\t\t\t\t\t<h3 class=\"elementor-heading-title elementor-size-default\">Tel\u00e9fono<\/h3>\t\t\t\t<\/div>\n\t\t\t\t<\/div>\n\t\t\t\t<div class=\"elementor-element elementor-element-f889a34 elementor-widget elementor-widget-text-editor\" data-id=\"f889a34\" data-element_type=\"widget\" data-widget_type=\"text-editor.default\">\n\t\t\t\t<div class=\"elementor-widget-container\">\n\t\t\t\t\t\t\t\t\t<p>3208477249<\/p>\t\t\t\t\t\t\t\t<\/div>\n\t\t\t\t<\/div>\n\t\t\t\t<div class=\"elementor-element elementor-element-eff5079 elementor-widget elementor-widget-heading\" data-id=\"eff5079\" data-element_type=\"widget\" data-widget_type=\"heading.default\">\n\t\t\t\t<div class=\"elementor-widget-container\">\n\t\t\t\t\t<h3 class=\"elementor-heading-title elementor-size-default\">Correo<\/h3>\t\t\t\t<\/div>\n\t\t\t\t<\/div>\n\t\t\t\t<div class=\"elementor-element elementor-element-2eac8f5 elementor-widget elementor-widget-text-editor\" data-id=\"2eac8f5\" data-element_type=\"widget\" data-widget_type=\"text-editor.default\">\n\t\t\t\t<div class=\"elementor-widget-container\">\n\t\t\t\t\t\t\t\t\t<p>admonccnovaplaza@gmail.com<\/p>\t\t\t\t\t\t\t\t<\/div>\n\t\t\t\t<\/div>\n\t\t\t\t\t<\/div>\n\t\t<\/div>\n\t\t\t\t<div class=\"elementor-column elementor-col-50 elementor-top-column elementor-element elementor-element-b301212\" data-id=\"b301212\" data-element_type=\"column\">\n\t\t\t<div class=\"elementor-widget-wrap elementor-element-populated\">\n\t\t\t\t\t\t<div class=\"elementor-element elementor-element-a859ad3 elementor-widget elementor-widget-html\" data-id=\"a859ad3\" data-element_type=\"widget\" data-widget_type=\"html.default\">\n\t\t\t\t<div class=\"elementor-widget-container\">\n\t\t\t\t\t<iframe src=\"https:\/\/www.google.com\/maps\/embed?pb=!1m14!1m8!1m3!1d15902.894360885339!2d-74.3522203!3d4.8174519!3m2!1i1024!2i768!4f13.1!3m3!1m2!1s0x8e3f7c5c08e4ca51%3A0x2a03b83af3ca355c!2sNova%20Plaza%20Shopping%20Center!5e0!3m2!1sen!2sco!4v1687650830152!5m2!1sen!2sco\" width=\"600\" height=\"450\" style=\"border:0;\" allowfullscreen=\"\" loading=\"lazy\" referrerpolicy=\"no-referrer-when-downgrade\"><\/iframe>\t\t\t\t<\/div>\n\t\t\t\t<\/div>\n\t\t\t\t\t<\/div>\n\t\t<\/div>\n\t\t\t\t\t<\/div>\n\t\t<\/section>\n\t\t\t\t<\/div>\n\t\t","protected":false},"excerpt":{"rendered":"<p>Cont\u00e1ctanos Ubicaci\u00f3n Facatativ\u00e1, CundinamarcaCra 10 # 8-12\u00a0 Tel\u00e9fono 3208477249 Correo admonccnovaplaza@gmail.com<\/p>\n","protected":false},"author":1,"featured_media":0,"parent":0,"menu_order":0,"comment_status":"closed","ping_status":"closed","template":"","meta":{"footnotes":""},"class_list":["post-153","page","type-page","status-publish","hentry"],"yoast_head":"<!-- This site is optimized with the Yoast SEO plugin v25.4 - https:\/\/yoast.com\/wordpress\/plugins\/seo\/ -->\n<title>Contact - Nova Plaza Centro Comercial<\/title>\n<meta name=\"robots\" content=\"index, follow, max-snippet:-1, max-image-preview:large, max-video-preview:-1\" \/>\n<link rel=\"canonical\" href=\"https:\/\/www.novaplazacc.com\/?page_id=153\" \/>\n<meta property=\"og:locale\" content=\"es_ES\" \/>\n<meta property=\"og:type\" content=\"article\" \/>\n<meta property=\"og:title\" content=\"Contact - Nova Plaza Centro Comercial\" \/>\n<meta property=\"og:description\" content=\"Cont\u00e1ctanos Ubicaci\u00f3n Facatativ\u00e1, CundinamarcaCra 10 # 8-12\u00a0 Tel\u00e9fono 3208477249 Correo admonccnovaplaza@gmail.com\" \/>\n<meta property=\"og:url\" content=\"https:\/\/www.novaplazacc.com\/?page_id=153\" \/>\n<meta property=\"og:site_name\" content=\"Nova Plaza Centro Comercial\" \/>\n<meta property=\"article:publisher\" content=\"https:\/\/www.facebook.com\/NovaPlazaCentroComercial\" \/>\n<meta property=\"article:modified_time\" content=\"2025-04-06T04:06:30+00:00\" \/>\n<meta name=\"twitter:card\" content=\"summary_large_image\" \/>\n<meta name=\"twitter:label1\" content=\"Tiempo de lectura\" \/>\n\t<meta name=\"twitter:data1\" content=\"1 minuto\" \/>\n<script type=\"application\/ld+json\" class=\"yoast-schema-graph\">{\"@context\":\"https:\/\/schema.org\",\"@graph\":[{\"@type\":\"WebPage\",\"@id\":\"https:\/\/www.novaplazacc.com\/?page_id=153\",\"url\":\"https:\/\/www.novaplazacc.com\/?page_id=153\",\"name\":\"Contact - Nova Plaza Centro Comercial\",\"isPartOf\":{\"@id\":\"https:\/\/www.novaplazacc.com\/#website\"},\"datePublished\":\"2018-10-25T11:27:47+00:00\",\"dateModified\":\"2025-04-06T04:06:30+00:00\",\"breadcrumb\":{\"@id\":\"https:\/\/www.novaplazacc.com\/?page_id=153#breadcrumb\"},\"inLanguage\":\"es\",\"potentialAction\":[{\"@type\":\"ReadAction\",\"target\":[\"https:\/\/www.novaplazacc.com\/?page_id=153\"]}]},{\"@type\":\"BreadcrumbList\",\"@id\":\"https:\/\/www.novaplazacc.com\/?page_id=153#breadcrumb\",\"itemListElement\":[{\"@type\":\"ListItem\",\"position\":1,\"name\":\"Portada\",\"item\":\"https:\/\/www.novaplazacc.com\/\"},{\"@type\":\"ListItem\",\"position\":2,\"name\":\"Contact\"}]},{\"@type\":\"WebSite\",\"@id\":\"https:\/\/www.novaplazacc.com\/#website\",\"url\":\"https:\/\/www.novaplazacc.com\/\",\"name\":\"Nova Plaza Centro Comercial\",\"description\":\"NovaPlaza Centro Comercial\",\"publisher\":{\"@id\":\"https:\/\/www.novaplazacc.com\/#organization\"},\"potentialAction\":[{\"@type\":\"SearchAction\",\"target\":{\"@type\":\"EntryPoint\",\"urlTemplate\":\"https:\/\/www.novaplazacc.com\/?s={search_term_string}\"},\"query-input\":{\"@type\":\"PropertyValueSpecification\",\"valueRequired\":true,\"valueName\":\"search_term_string\"}}],\"inLanguage\":\"es\"},{\"@type\":\"Organization\",\"@id\":\"https:\/\/www.novaplazacc.com\/#organization\",\"name\":\"Nova Plaza Centro Comercial\",\"url\":\"https:\/\/www.novaplazacc.com\/\",\"logo\":{\"@type\":\"ImageObject\",\"inLanguage\":\"es\",\"@id\":\"https:\/\/www.novaplazacc.com\/#\/schema\/logo\/image\/\",\"url\":\"https:\/\/www.novaplazacc.com\/wp-content\/uploads\/2018\/11\/logo-transparente.png\",\"contentUrl\":\"https:\/\/www.novaplazacc.com\/wp-content\/uploads\/2018\/11\/logo-transparente.png\",\"width\":597,\"height\":349,\"caption\":\"Nova Plaza Centro Comercial\"},\"image\":{\"@id\":\"https:\/\/www.novaplazacc.com\/#\/schema\/logo\/image\/\"},\"sameAs\":[\"https:\/\/www.facebook.com\/NovaPlazaCentroComercial\",\"https:\/\/www.instagram.com\/novaplazacc\/\"]}]}<\/script>\n<!-- \/ Yoast SEO plugin. -->","yoast_head_json":{"title":"Contact - Nova Plaza Centro Comercial","robots":{"index":"index","follow":"follow","max-snippet":"max-snippet:-1","max-image-preview":"max-image-preview:large","max-video-preview":"max-video-preview:-1"},"canonical":"https:\/\/www.novaplazacc.com\/?page_id=153","og_locale":"es_ES","og_type":"article","og_title":"Contact - Nova Plaza Centro Comercial","og_description":"Cont\u00e1ctanos Ubicaci\u00f3n Facatativ\u00e1, CundinamarcaCra 10 # 8-12\u00a0 Tel\u00e9fono 3208477249 Correo admonccnovaplaza@gmail.com","og_url":"https:\/\/www.novaplazacc.com\/?page_id=153","og_site_name":"Nova Plaza Centro Comercial","article_publisher":"https:\/\/www.facebook.com\/NovaPlazaCentroComercial","article_modified_time":"2025-04-06T04:06:30+00:00","twitter_card":"summary_large_image","twitter_misc":{"Tiempo de lectura":"1 minuto"},"schema":{"@context":"https:\/\/schema.org","@graph":[{"@type":"WebPage","@id":"https:\/\/www.novaplazacc.com\/?page_id=153","url":"https:\/\/www.novaplazacc.com\/?page_id=153","name":"Contact - Nova Plaza Centro Comercial","isPartOf":{"@id":"https:\/\/www.novaplazacc.com\/#website"},"datePublished":"2018-10-25T11:27:47+00:00","dateModified":"2025-04-06T04:06:30+00:00","breadcrumb":{"@id":"https:\/\/www.novaplazacc.com\/?page_id=153#breadcrumb"},"inLanguage":"es","potentialAction":[{"@type":"ReadAction","target":["https:\/\/www.novaplazacc.com\/?page_id=153"]}]},{"@type":"BreadcrumbList","@id":"https:\/\/www.novaplazacc.com\/?page_id=153#breadcrumb","itemListElement":[{"@type":"ListItem","position":1,"name":"Portada","item":"https:\/\/www.novaplazacc.com\/"},{"@type":"ListItem","position":2,"name":"Contact"}]},{"@type":"WebSite","@id":"https:\/\/www.novaplazacc.com\/#website","url":"https:\/\/www.novaplazacc.com\/","name":"Nova Plaza Centro Comercial","description":"NovaPlaza Centro Comercial","publisher":{"@id":"https:\/\/www.novaplazacc.com\/#organization"},"potentialAction":[{"@type":"SearchAction","target":{"@type":"EntryPoint","urlTemplate":"https:\/\/www.novaplazacc.com\/?s={search_term_string}"},"query-input":{"@type":"PropertyValueSpecification","valueRequired":true,"valueName":"search_term_string"}}],"inLanguage":"es"},{"@type":"Organization","@id":"https:\/\/www.novaplazacc.com\/#organization","name":"Nova Plaza Centro Comercial","url":"https:\/\/www.novaplazacc.com\/","logo":{"@type":"ImageObject","inLanguage":"es","@id":"https:\/\/www.novaplazacc.com\/#\/schema\/logo\/image\/","url":"https:\/\/www.novaplazacc.com\/wp-content\/uploads\/2018\/11\/logo-transparente.png","contentUrl":"https:\/\/www.novaplazacc.com\/wp-content\/uploads\/2018\/11\/logo-transparente.png","width":597,"height":349,"caption":"Nova Plaza Centro Comercial"},"image":{"@id":"https:\/\/www.novaplazacc.com\/#\/schema\/logo\/image\/"},"sameAs":["https:\/\/www.facebook.com\/NovaPlazaCentroComercial","https:\/\/www.instagram.com\/novaplazacc\/"]}]}},"_links":{"self":[{"href":"https:\/\/www.novaplazacc.com\/index.php?rest_route=\/wp\/v2\/pages\/153","targetHints":{"allow":["GET"]}}],"collection":[{"href":"https:\/\/www.novaplazacc.com\/index.php?rest_route=\/wp\/v2\/pages"}],"about":[{"href":"https:\/\/www.novaplazacc.com\/index.php?rest_route=\/wp\/v2\/types\/page"}],"author":[{"embeddable":true,"href":"https:\/\/www.novaplazacc.com\/index.php?rest_route=\/wp\/v2\/users\/1"}],"replies":[{"embeddable":true,"href":"https:\/\/www.novaplazacc.com\/index.php?rest_route=%2Fwp%2Fv2%2Fcomments&post=153"}],"version-history":[{"count":39,"href":"https:\/\/www.novaplazacc.com\/index.php?rest_route=\/wp\/v2\/pages\/153\/revisions"}],"predecessor-version":[{"id":113991,"href":"https:\/\/www.novaplazacc.com\/index.php?rest_route=\/wp\/v2\/pages\/153\/revisions\/113991"}],"wp:attachment":[{"href":"https:\/\/www.novaplazacc.com\/index.php?rest_route=%2Fwp%2Fv2%2Fmedia&parent=153"}],"curies":[{"name":"wp","href":"https:\/\/api.w.org\/{rel}","templated":true}]}}